 1952?
2
What is the hundreds digit of 274?
2
What is the tens digit of 18607?
0
What is the hundreds digit of 2480?
4
What is the tens digit of 234?
3
What is the hundreds digit of 1150?
1
What is the units digit of 7887?
7
What is the units digit of 22016?
6
What is the thousands digit of 10417?
0
What is the hundreds digit of 9923?
9
What is the hundreds digit of 1339?
3
What is the tens digit of 525?
2
What is the tens digit of 5943?
4
What is the ten thousands digit of 10687?
1
What is the units digit of 865?
5
What is the ten thousands digit of 17887?
1
What is the tens digit of 6018?
1
What is the thousands digit of 6403?
6
What is the units digit of 5229?
9
What is the ten thousands digit of 58208?
5
What is the units digit of 27517?
7
What is the hundreds digit of 2636?
6
What is the tens digit of 56006?
0
What is the hundreds digit of 2376?
3
What is the units digit of 1458?
8
What is the tens digit of 3393?
9
What is the hundreds digit of 17560?
5
What is the tens digit of 5491?
9
What is the ten thousands digit of 37222?
3
What is the hundreds digit of 774?
7
What is the units digit of 5929?
9
What is the tens digit of 315?
1
What is the units digit of 45330?
0
What is the units digit of 24713?
3
What is the hundreds digit of 336?
3
What is the tens digit of 51892?
9
What is the tens digit of 9735?
3
What is the units digit of 66141?
1
What is the units digit of 53296?
6
What is the ten thousands digit of 48726?
4
What is the units digit of 1601?
1
What is the ten thousands digit of 26356?
2
What is the units digit of 2259?
9
What is the units digit of 207?
7
What is the thousands digit of 1928?
1
What is the hundreds digit of 56269?
2
What is the hundreds digit of 3518?
5
What is the ten thousands digit of 47096?
4
What is the hundreds digit of 7946?
9
What is the thousands digit of 12816?
2
What is the units digit of 8997?
7
What is the units digit of 6723?
3
What is the thousands digit of 48725?
8
What is the hundreds digit of 745?
7
What is the hundreds digit of 11237?
2
What is the thousands digit of 3000?
3
What is the thousands digit of 2624?
2
What is the units digit of 9156?
6
What is the thousands digit of 9320?
9
What is the thousands digit of 3493?
3
What is the tens digit of 503?
0
What is the hundreds digit of 4513?
5
What is the tens digit of 65149?
4
What is the hundreds digit of 1065?
0
What is the thousands digit of 6094?
6
What is the hundreds digit of 941?
9
What is the hundred thousands digit of 109381?
1
What is the units digit of 5962?
2
What is the units digit of 60990?
0
What is the ten thousands digit of 36649?
3
What is the thousands digit of 51980?
1
What is the thousands digit of 33689?
3
What is the tens digit of 429?
2
What is the tens digit of 9586?
8
What is the hundreds digit of 1751?
7
What is the units digit of 7524?
4
What is the ten thousands digit of 19742?
1
What is the hundreds digit of 3515?
5
What is the thousands digit of 8211?
8
What is the ten thousands digit of 18493?
1
What is the units digit of 718?
8
What is the ten thousands digit of 30202?
3
What is the units digit of 7591?
1
What is the tens digit of 128?
2
What is the tens digit of 66082?
8
What is the tens digit of 42467?
6
What is the units digit of 6782?
2
What is the tens digit of 416?
1
What is the tens digit of 11461?
6
What is the tens digit of 4147?
4
What is the tens digit of 4272?
7
What is the hundreds digit of 14656?
6
What is the hundreds digit of 1350?
3
What is the hundreds digit of 8494?
4
What is the tens digit of 4847?
4
What is the units digit of 23518?
8
What is the hundreds digit of 171?
1
What is the units digit of 2893?
3
What is the units digit of 10144?
4
What is the hundreds digit of 2638?
6
What is the hundreds digit of 1198?
1
What is the units digit of 97993?
3
What is the units digit of 798?
8
What is the tens digit of 18449?
4
What is the tens digit of 21479?
7
What is the ten thousands digit of 36788?
3
What is the tens digit of 97524?
2
What is the thousands digit of 141273?
1
What is the units digit of 29598?
8
What is the hundreds digit of 662?
6
What is the thousands digit of 54869?
4
What is the hundreds digit of 142054?
0
What is the tens digit of 1473?
7
What is the units digit of 4214?
4
What is the thousands digit of 15510?
5
What is the hundreds digit of 876?
8
What is the units digit of 5615?
5
What is the tens digit of 586?
8
What is the ten thousands digit of 25160?
2
What is the thousands digit of 19004?
9
What is the hundreds digit of 737?
7
What is the units digit of 6944?
4
What is the tens digit of 985?
8
What is the thousands digit of 18869?
8
What is the tens digit of 5943?
4
What is the tens digit of 1285?
8
What is the hundreds digit of 28157?
1
What is the ten thousands digit of 16434?
1
What is the units digit of 1530?
0
What is the tens digit of 458?
5
What is the thousands digit of 4099?
4
What is the units digit of 25624?
4
What is the thousands digit of 1213?
1
What is the units digit of 2145?
5
What is the tens digit of 19387?
8
What is the tens digit of 6413?
1
What is the tens digit of 7907?
0
What is the ten thousands digit of 44192?
4
What is the hundred thousands digit of 119640?
1
What is the tens digit of 392?
9
What is the thousands digit of 115922?
5
What is the tens digit of 16988?
8
What is the units digit of 26822?
2
What is the thousands digit of 19580?
9
What is the units digit of 8?
8
What is the tens digit of 87292?
9
What is the hundreds digit of 1011?
0
What is the units digit of 820?
0
What is the hundreds digit of 1275?
2
What is the units digit of 45558?
8
What is the units digit of 75395?
5
What is the ten thousands digit of 19687?
1
What is the thousands digit of 2305?
2
What is the tens digit of 1253?
5
What is the ten thousands digit of 13555?
1
What is the tens digit of 8862?
6
What is the tens digit of 8968?
6
What is the units digit of 1144?
4
What is the ten thousands digit of 115102?
1
What is the tens digit of 3291?
9
What is the thousands digit of 7954?
7
What is the units digit of 3226?
6
What is the units digit of 2020?
0
What is the thousands digit of 54717?
4
What is the thousands digit of 45557?
5
What is the hundreds digit of 10288?
2
What is the hundred thousands digit of 181244?
1
What is the units digit of 1362?
2
What is the units digit of 10798?
8
What is the thousands digit of 10442?
0
What is the hundreds digit of 1250?
2
What is the units digit of 101?
1
What is the hundreds digit of 8612?
6
What is the hundreds digit of 25836?
8
What is the units digit of 54998?
8
What is the hundreds digit of 5197?
1
What is the tens digit of 7669?
6
What is the tens digit of 126387?
8
What is the units digit of 45739?
9
What is the units digit of 1803?
3
What is the thousands digit of 173945?
3
What is the tens digit of 2553?
5
What is the hundreds digit of 9665?
6
What is the hundreds digit of 11968?
9
What is the thousands digit of 109589?
9
What is the thousands digit of 1480?
1
What is the hundreds digit of 4270?
2
What is the units digit of 525?
5
What is the ten thousands digit of 49686?
4
What is the tens digit of 5299?
9
What is the thousands digit of 2179?
2
What is the units digit of 1571?
1
What is the thousands digit of 8946?
8
What is the tens digit of 985?
8
What is the tens digit of 842?
4
What is the hundreds digit of 110782?
7
What is the thousands digit of 5217?
5
What is the tens digit of 7602?
0
What is the thousands digit of 3735?
3
What is the thousands digit of 47927?
7
What is the thousands digit of 3032?
3
What is the units digit of 12335?
5
What is the units digit of 9264?
4
What is the hundreds digit of 9500?
5
What is the thousands digit of 20937?
0
What is the units digit of 5433?
3
What is the units digit of 2682?
2
What is the thousands digit of 22874?
2
What is the thousands digit of 49086?
9
What is the units digit of 782?
2
What is the units digit of 10657?
7
What is the thousands digit of 140995?
0
What is the tens digit of 3240?
4
What is the units digit of 47?
7
What is the hundreds digit of 765?
7
What is the tens digit of 967?
6
What is the hundreds digit of 316?
3
What is the tens digit of 3982?
8
What is the hundreds digit of 8401?
4
What is the ten thousands digit of 91903?
9
What is the hun